 3106 is divided by 1484.
138
Calculate the remainder when 1594 is divided by 1512.
82
What is the remainder when 3015 is divided by 112?
103
Calculate the remainder when 30550 is divided by 5090.
10
Calculate the remainder when 10812 is divided by 3582.
66
What is the remainder when 2055 is divided by 56?
39
What is the remainder when 2042 is divided by 221?
53
What is the remainder when 27501 is divided by 24?
21
What is the remainder when 191809 is divided by 79?
76
Calculate the remainder when 34179 is divided by 34165.
14
What is the remainder when 2586 is divided by 16?
10
Calculate the remainder when 51764 is divided by 51759.
5
What is the remainder when 1134043 is divided by 113403?
13
What is the remainder when 1626 is divided by 587?
452
Calculate the remainder when 19810 is divided by 421.
23
What is the remainder when 18498 is divided by 148?
146
What is the remainder when 3538400 is divided by 2412?
2408
What is the remainder when 6319 is divided by 38?
11
Calculate the remainder when 124324 is divided by 11302.
2
Calculate the remainder when 129203 is divided by 355.
338
Calculate the remainder when 15026 is divided by 2955.
251
Calculate the remainder when 76131 is divided by 705.
696
Calculate the remainder when 17178 is divided by 154.
84
Calculate the remainder when 96741 is divided by 5689.
28
What is the remainder when 2319887 is divided by 61?
57
Calculate the remainder when 22148 is divided by 5.
3
What is the remainder when 77019 is divided by 2026?
31
What is the remainder when 7380 is divided by 19?
8
Calculate the remainder when 36042 is divided by 187.
138
What is the remainder when 1310127 is divided by 3?
0
Calculate the remainder when 661178 is divided by 3047.
3026
What is the remainder when 4715 is divided by 773?
77
What is the remainder when 9984 is divided by 919?
794
Calculate the remainder when 19489 is divided by 413.
78
Calculate the remainder when 21237 is divided by 531.
528
What is the remainder when 2399 is divided by 162?
131
What is the remainder when 45056 is divided by 739?
716
Calculate the remainder when 578051 is divided by 95.
71
Calculate the remainder when 19837 is divided by 763.
762
Calculate the remainder when 8336 is divided by 148.
48
Calculate the remainder when 135098 is divided by 140.
138
Calculate the remainder when 21611 is divided by 193.
188
Calculate the remainder when 682 is divided by 368.
314
What is the remainder when 23202 is divided by 47?
31
What is the remainder when 7683 is divided by 277?
204
What is the remainder when 683 is divided by 289?
105
What is the remainder when 1944 is divided by 105?
54
What is the remainder when 12248 is divided by 529?
81
What is the remainder when 13360 is divided by 163?
157
Calculate the remainder when 151425 is divided by 3605.
15
Calculate the remainder when 17362 is divided by 301.
205
What is the remainder when 40063 is divided by 20030?
3
What is the remainder when 37260 is divided by 50?
10
Calculate the remainder when 87856 is divided by 14640.
16
Calculate the remainder when 171038 is divided by 40.
38
What is the remainder when 11993 is divided by 540?
113
What is the remainder when 51472 is divided by 139?
42
What is the remainder when 10261 is divided by 52?
17
Calculate the remainder when 2150 is divided by 506.
126
Calculate the remainder when 18589 is divided by 131.
118
Calculate the remainder when 416324 is divided by 195.
194
What is the remainder when 128649 is divided by 4?
1
What is the remainder when 308729 is divided by 102886?
71
Calculate the remainder when 14649 is divided by 1126.
11
Calculate the remainder when 246655 is divided by 128.
127
What is the remainder when 11723 is divided by 43?
27
What is the remainder when 56978 is divided by 370?
368
Calculate the remainder when 129674 is divided by 1128.
1082
What is the remainder when 119799 is divided by 815?
809
Calculate the remainder when 7091 is divided by 43.
39
What is the remainder when 27451 is divided by 946?
17
What is the remainder when 23667 is divided by 1129?
1087
What is the remainder when 5948 is divided by 312?
20
What is the remainder when 47598 is divided by 23794?
10
What is the remainder when 6623 is divided by 1525?
523
Calculate the remainder when 8407 is divided by 101.
24
Calculate the remainder when 1952716 is divided by 2333.
2328
What is the remainder when 37998 is divided by 1?
0
What is the remainder when 29225 is divided by 112?
105
Calculate the remainder when 240783 is divided by 11464.
39
Calculate the remainder when 301914 is divided by 592.
586
Calculate the remainder when 47094 is divided by 628.
622
What is the remainder when 4911 is divided by 151?
79
Calculate the remainder when 4087 is divided by 8.
7
Calculate the remainder when 303040 is divided by 17.
15
What is the remainder when 863027 is divided by 366?
365
What is the remainder when 238704 is divided by 238699?
5
Calculate the remainder when 74479 is divided by 560.
559
Calculate the remainder when 69489 is divided by 92.
29
Calculate the remainder when 2562 is divided by 303.
138
Calculate the remainder when 27547 is divided by 1639.
1323
What is the remainder when 210230 is divided by 210191?
39
Calculate the remainder when 251258 is divided by 17.
15
Calculate the remainder when 4209 is divided by 178.
115
What is the remainder when 12446 is divided by 53?
44
Calculate the remainder when 4681 is divided by 566.
153
What is the remainder when 226625 is divided by 353?
352
Calculate the remainder when 225479 is divided by 75154.
17
Calculate the remainder when 71855 is divided by 26.
17
What is the remainder when 27315 is divided by 108?
99
What is the remainder when 56554 is divided by 4039?
8
What is the remainder when 17208 is divided by 8502?
204
Calculate the remainder when 21912 is divided by 2174.
172
What is the remainder when 20028 is divided by 282?
6
Calculate the remainder when 1604 is divided by 266.
8
Calculate the remainder when 2232 is divided by 101.
10
What is the remainder when 4252 is divided by 2101?
50
What is the remainder when 1480 is divided by 145?
30
Calculate the remainder when 6510 is divided by 119.
84
Calculate the remainder when 1222821 is divided by 17.
11
Calculate the remainder when 784119 is divided by 72.
39
Calculate the remainder when 11921 is divided by 71.
64
Calculate the remainder when 178834 is divided by 17882.
14
Calculate the remainder when 3241 is divided by 58.
51
What is the remainder when 1384 is divided by 266?
54
Calculate the remainder when 46410 is divided by 124.
34
Calculate the remainder when 13731 is divided by 255.
216
Calculate the remainder when 3147 is divided by 1543.
61
Calculate the remainder when 2453 is divided by 44.
33
Calculate the remainder when 1962728 is divided by 12.
8
Calculate the remainder when 1752 is divided by 87.
12
What is the remainder when 28587 is divided by 23?
21
What is the remainder when 1623 is divided by 180?
3
What is the remainder when 7111 is divided by 60?
31
What is the remainder when 184099 is divided by 70?
69
What is the remainder when 4343 is divided by 99?
86
What is the remainder when 146335 is divided by 20899?
42
What is the remainder when 11253 is divided by 2292?
2085
What is the remainder when 408575 is divided by 304?
303
What is the remainder when 2070 is divided by 9?
0
Calculate the remainder when 9953 is divided by 4881.
191
Calculate the remainder when 8092 is divided by 324.
316
What is the remainder when 36153 is divided by 12029?
66
Calculate the remainder when 2724 is divided by 904.
12
Calculate the remainder when 5529 is divided by 16.
9
Calculate the remainder when 5854 is divided by 129.
49
What is the remainder when 6325 is divided by 616?
165
Calculate the remainder when 143609 is divided by 26.
11
What is the remainder when 11574 is divided by 2890?
14
What is the remainder when 618 is divided by 18?
6
Calculate the remainder when 1178365 is divided by 64.
61
What is the remainder when 10775 is divided by 1338?
71
Calculate the remainder when 10996 is divided by 155.
146
Calculate the remainder when 14163 is divided by 198.
105
What is the remainder when 181152 is divided by 90551?
50
What is the remainder when 15477 is divided b